) is divided by 44?
39
Let t(q) = -2*q**3 + 75*q**2 + 93*q - 77. What is the remainder when t(38) is divided by 16?
13
Let s be -2 - (4 + (-8 - -2)). Suppose s*k - 1110 = -10*k. What is the remainder when k is divided by 16?
15
Let u be 1*3*(-399)/(-9). Let r = 5190 + -5249. Let b = u + r. What is the remainder when b is divided by 26?
22
Suppose t - 16 = 746*n - 749*n, 2*n - 104 = -4*t. Let h be (1 - 247)*8/(-6). Let r = 522 - h. Calculate the remainder when r is divided by t.
26
Let z(b) be the third derivative of -9*b**4/8 - b**3 + 45*b**2 + 1. What is the remainder when z(-5) is divided by 48?
33
Let o = -1828 + 1838. Calculate the remainder when 46 is divided by o.
6
Let m(n) = -13*n - 206. Let q be m(-16). Suppose -4*f = 4*g - 132, -q*g + f + 2*f = -76. Calculate the remainder when g is divided by 1.
0
Let k(z) = -z**3 + 24*z**2 + 26*z - 25. Let s be k(25). Suppose -2*a + 2*d - 7*d = -635, -4*a - d + 1243 = s. What is the remainder when a is divided by 99?
13
Suppose -3*h + 3*i - 19 = 14, -38 = 2*h + 2*i. Let q = 20 + h. Suppose -5*g - q*z + 225 = 0, -g + 67 - 17 = 2*z. What is the remainder when 118 is divided by g?
38
Suppose 24*v + 7*v = 3204 + 7553. What is the remainder when v is divided by 42?
11
Suppose 62*t = -25*t + 609. Calculate the remainder when 15 is divided by t.
1
Let c(r) = 161*r**3 - 8*r**2 - 33*r + 40. What is the remainder when 992 is divided by c(1)?
32
Suppose 4*d - 836 = -0*d. Suppose -4*h - c = -16 - 1, -2*c = 5*h - 22. Suppose 0 = -h*m + 148 + 64. What is the remainder when d is divided by m?
50
Suppose -3*x = -2*n + 107, -n + 2*x + 51 = -0*n. Suppose 5*j = 5*l - 90, l + 3*l = 3*j + 67. What is the remainder when n is divided by l?
9
Suppose 5*b = 26*b - 70518. What is the remainder when b is divided by 15?
13
Let a(d) = 5*d + 63. What is the remainder when -2*(8 + ((-693)/14 - -1)) is divided by a(-9)?
9
Suppose 31*a = 48*a - 2074. Calculate the remainder when 486 is divided by a.
120
Suppose 0 = 5*l - 17 + 7, -5*v - 5*l + 1490 = 0. What is the remainder when v is divided by 13?
10
Let g(n) = -662*n - 3914. Calculate the remainder when 1561 is divided by g(-6).
53
Suppose 4 = a, -147 - 141 = 4*q - 2*a. Calculate the remainder when (-22)/55 - 7/(q/624) is divided by 27.
8
Suppose 935 = 2*k + 3*k. Suppose 1104 = 3*o + 3*r, 5 = 5*r - 0. Let g = -340 + o. Calculate the remainder when k is divided by g.
25
Suppose 0 = 4*y - 187 - 141. Let a(w) = w**2 - 209*w - 3767. Calculate the remainder when a(-18) is divided by y.
73
Calculate the remainder when (1342 - 108) + (-10)/1*1 is divided by 316.
276
Let c = 328 + -642. Let u = 370 + c. Calculate the remainder when 161 is divided by u.
49
Suppose 2*d - 1578 = -5*a, 29*d + 1562 = 31*d - 3*a. What is the remainder when d is divided by 17?
2
Let p(h) = -h**3 + 30*h**2 - 113*h - 27. Calculate the remainder when 591 is divided by p(25).
45
Suppose -2*f - 14 + 94 = -5*x, -2*x + 2*f - 38 = 0. What is the remainder when ((-12)/x)/(45/2310) is divided by 17?
10
Let b be 29 + (-2)/(-1) + -2. Suppose 26 = -31*v + 119. Suppose -5*o = 3*k - b, k + 2 = -v*o + 17. What is the remainder when 7 is divided by o?
3
Let x be (-233)/(-1) + (3/3 - 3). Suppose -3*w - p = 28 - 185, -x = -4*w + 3*p. What is the remainder when w is divided by 16?
6
Let k(o) = 2*o**2 + 5. What is the remainder when k(4) is divided by 19 + 4*6/(-6)?
7
Let l = 5 + 3. Suppose 106 = 4*u - 10*w, 35*u = 34*u - 3*w + 32. What is the remainder when u is divided by l?
5
Calculate the remainder when 1242 is divided by ((-104)/65)/(4/(-10)) + -1 + 1.
2
Let l(i) = 2*i**2 - 13*i - 7. Let b = 661 - 622. What is the remainder when l(-9) is divided by b?
38
Let o be 6/(-4)*(-70)/15. Suppose -3*j + o = 1. Let s = j - -5. What is the remainder when 11 is divided by s?
4
Suppose 29032 = -u + 29081. What is the remainder when 273 is divided by u?
28
Let g be (36/(-63))/((-2)/14). Suppose 0*n = -4*n + s + 19, g*n - 4*s - 28 = 0. Suppose n*p + 74 = 5*p. What is the remainder when p is divided by 19?
17
Let b = -5161 - -5180. Let v = 99 - 66. What is the remainder when v is divided by b?
14
Let k be (-3)/(12/(-92)) + (2 - 2). Suppose k*v - 17*v - 12 = 0. Suppose o - 21 = -v*o. What is the remainder when o is divided by 5?
2
Let s = 2 - -3. Suppose 5*r - s = 20. Let d(m) = -m**3 + 8*m**2 - 9*m + 7. What is the remainder when d(r) is divided by 10?
7
Let r be 0*(-3)/(-9) - (-2 + 1). Let s be (1 + r/(-2))/1*-2. Calculate the remainder when 34 is divided by (7/(-4))/((4 + s)/(-12)).
6
Let s(a) = 42*a - 1292. Suppose 13*p - 280 = 8*p. What is the remainder when s(36) is divided by p?
52
Let r = 375 + -373. Suppose 0 = -5*k - z - 337 + 2309, -z + 787 = r*k. Calculate the remainder when k is divided by 36.
35
Suppose 3 = -5*p + 4*p, 0 = -2*z + p - 141. Let d be (4/3)/(3/9). What is the remainder when 124 is divided by (-1)/(2/7*d/z)?
61
Suppose -2*c = -3*k - 40, -k = 2*c + 3*k - 12. Suppose 29*j + 16 = 30*j. Suppose -3*v = -v - j. What is the remainder when c is divided by v?
6
Let b(p) = -p**2 - 5*p + 40 - 12*p + 5*p**2 - 2*p**2 - 5*p. Calculate the remainder when 274 is divided by b(13).
90
Calculate the remainder when 729/12 + 5 - (-5)/20 is divided by 56.
10
Suppose 2*q + 2*c - 6 = 0, -2*c = 3*q - 5 - 5. Suppose q*d - 81 = 4*y + 23, -2*d + 136 = -5*y. What is the remainder when 39 is divided by 26/14 - 2 - 116/y?
3
Let m(f) = -220*f + 50 + 74 + 88 + 178*f + 108*f. Calculate the remainder when m(-2) is divided by (3/2)/(1/14).
17
Let d = 16 - 5. Suppose -3*o = -j - 25, -3*j + 4*j - d = -o. Calculate the remainder when 122 is divided by o.
5
Let p = 529 - 320. Let d = p + -165. Calculate the remainder when (-2 - -85) + 1 + 1 is divided by d.
41
What is the remainder when ((-73)/(-2))/(1/6) is divided by (-10)/13*(11 - (-1536)/(-64))?
9
Let s(u) = -u**3 - 12*u**2 - 33*u - 52. Let p be s(-9). Let a = -68 - -8. Calculate the remainder when -5*p/a - (-209)/6 is divided by 9.
8
Suppose -105*d - 49*d + 10*d = -380880. Calculate the remainder when d is divided by 27.
26
Suppose 7*w - 228 - 73 = 0. What is the remainder when w is divided by 14?
1
Suppose 0 = -o - q + 118, -3*o - o - 3*q + 470 = 0. What is the remainder when o is divided by 42?
32
Let l = -10 + 17. Let v(q) = q**2 - 19*q - 82. Let u(y) = y**3 - 17*y**2 - 19*y + 13. Let d be u(18). Calculate the remainder when v(d) is divided by l.
3
Suppose 3*z - 784 + 4 = 0. Suppose 8*o + 5*o = z. Calculate the remainder when 115 is divided by o.
15
Let w(k) = k**3 - 4*k**2 - k + 35. Let h = 212 - 113. Calculate the remainder when h is divided by w(5).
44
Let k(u) = -12 - 6*u + 28 - 17. What is the remainder when (4 + 0)/(-2)*-16 is divided by k(-2)?
10
Suppose 0 = -490*p + 487*p + 11304. Suppose 21*t - p + 1017 = 0. What is the remainder when t is divided by 20?
11
Suppose -2*i - 3*a = 6, -3*i + 15*a = 20*a + 10. Suppose i = c - 44 + 12. Calculate the remainder when 152 is divided by c.
24
Let q(i) = 33*i**2 + 230*i + 231. What is the remainder when 296 is divided by q(-1)?
24
Let r = -62 + 160. Let a = 65 + -31. What is the remainder when r is divided by a?
30
Let f = 2195 - 2119. Let o(s) = s**2 - 14*s - 2. What is the remainder when f is divided by o(15)?
11
What is the remainder when (218 - 341)*(1 + -8) is divided by 36?
33
Let l = 25 - 20. Let j(f) = f**2 - 6*f + 5. Let k be j(l). Suppose 3*n - 1 = -g - k*g, 3*g - 3*n - 51 = 0. Calculate the remainder when g is divided by 10.
3
Suppose 3*o - 9 = -2*w, o + o = -w + 6. Let q be w + 2 - (72/3)/3. Let p(b) = -13*b - 53. Calculate the remainder when 91 is divided by p(q).
16
Suppose -133*s + 151*s - 1215 - 999 = 0. Calculate the remainder when 3935 is divided by s.
122
Suppose 5*c - 336 = 2*p, 192*p = c + 197*p - 24. Calculate the remainder when 1078 is divided by c.
54
Suppose 93*y - 3 = 96*y, -v + 5*y = -7. Calculate the remainder when 524 is divided by v.
0
Calculate the remainder when (8/10)/(7 + (-75201)/10745) is divided by 6*((-3)/(3642/528 - 7))/2.
86
Suppose -32*m = -122*m + 13050. Calculate the remainder when m is divided by 56.
33
Suppose 5208 = 128*w + 1240. Calculate the remainder when 156 is divided by w.
1
Suppose -n - 3 = l - 17, 42 = 3*l + 5*n. Suppose -7*i = -4*t - 5*i + 1382, 5*i = -3*t + 1043. Calculate the remainder when 